{"id":777,"date":"2017-09-22T16:39:13","date_gmt":"2017-09-22T16:39:13","guid":{"rendered":"http:\/\/aphotoreporter.com\/?page_id=777"},"modified":"2017-09-26T09:49:35","modified_gmt":"2017-09-26T09:49:35","slug":"pdf-cataleg","status":"publish","type":"page","link":"https:\/\/aphotoreporter.com\/?page_id=777","title":{"rendered":"Pdf book"},"content":{"rendered":"<p><a href=\"http:\/\/aphotoreporter.com\/wp-content\/uploads\/2017\/09\/Aphotoreporter2017.pdf\"><img loading=\"lazy\" decoding=\"async\" class=\"alignnone size-full wp-image-782 aligncenter\" src=\"http:\/\/aphotoreporter.com\/wp-content\/uploads\/2017\/09\/cataleg2.jpg\" alt=\"\" width=\"192\" height=\"250\" \/><\/a><\/p>\n<p style=\"text-align: center;\"><a href=\"http:\/\/aphotoreporter.com\/wp-content\/uploads\/2017\/09\/Aphotoreporter2017.pdf\">Libro Book\u00a0PDF<\/a>\u00a0 \u00a0 \u00a088 Mb<\/p>\n<p style=\"text-align: center;\">\u00a0 \u00a0 \u00a0\u00a0<img loading=\"lazy\" decoding=\"async\" class=\"alignnone size-full wp-image-793\" src=\"http:\/\/aphotoreporter.com\/wp-content\/uploads\/2017\/09\/blurb.jpg\" alt=\"\" width=\"50\" height=\"47\" \/>\u00a0<a href=\"http:\/\/www.blurb.es\/bookstore\/invited\/7175136\/2fcd2055b596e95e61bfaca24d8d61e3231f6817\">Comprar Buy Blurb<\/a><\/p>\n<ul class=\"features-and-details-section__book-stats\">\n<li style=\"text-align: center;\"><strong class=\"size\">Tama\u00f1o<\/strong> Carta de EE. UU., 22\u00d728 cm<br \/>\n168 P\u00e1ginas<\/li>\n<\/ul>\n","protected":false},"excerpt":{"rendered":"<p>Libro Book\u00a0PDF\u00a0 \u00a0 \u00a088 Mb \u00a0 \u00a0 \u00a0\u00a0\u00a0Comprar Buy Blurb Tama\u00f1o Carta de EE. UU., 22\u00d728 cm 168 P\u00e1ginas<\/p>\n","protected":false},"author":1,"featured_media":0,"parent":705,"menu_order":6,"comment_status":"closed","ping_status":"closed","template":"","meta":{"ngg_post_thumbnail":0,"footnotes":""},"_links":{"self":[{"href":"https:\/\/aphotoreporter.com\/index.php?rest_route=\/wp\/v2\/pages\/777"}],"collection":[{"href":"https:\/\/aphotoreporter.com\/index.php?rest_route=\/wp\/v2\/pages"}],"about":[{"href":"https:\/\/aphotoreporter.com\/index.php?rest_route=\/wp\/v2\/types\/page"}],"author":[{"embeddable":true,"href":"https:\/\/aphotoreporter.com\/index.php?rest_route=\/wp\/v2\/users\/1"}],"replies":[{"embeddable":true,"href":"https:\/\/aphotoreporter.com\/index.php?rest_route=%2Fwp%2Fv2%2Fcomments&post=777"}],"version-history":[{"count":16,"href":"https:\/\/aphotoreporter.com\/index.php?rest_route=\/wp\/v2\/pages\/777\/revisions"}],"predecessor-version":[{"id":796,"href":"https:\/\/aphotoreporter.com\/index.php?rest_route=\/wp\/v2\/pages\/777\/revisions\/796"}],"up":[{"embeddable":true,"href":"https:\/\/aphotoreporter.com\/index.php?rest_route=\/wp\/v2\/pages\/705"}],"wp:attachment":[{"href":"https:\/\/aphotoreporter.com\/index.php?rest_route=%2Fwp%2Fv2%2Fmedia&parent=777"}],"curies":[{"name":"wp","href":"https:\/\/api.w.org\/{rel}","templated":true}]}}