{"id":17,"date":"2013-06-19T22:39:23","date_gmt":"2013-06-19T22:39:23","guid":{"rendered":"http:\/\/aphotoreporter.com\/?page_id=17"},"modified":"2025-02-18T17:06:15","modified_gmt":"2025-02-18T17:06:15","slug":"about-us","status":"publish","type":"page","link":"https:\/\/aphotoreporter.com\/?page_id=17","title":{"rendered":"Quienes somos"},"content":{"rendered":"<div class=\"wp-block-image\">\n<figure class=\"aligncenter size-large\"><a href=\"https:\/\/aphotoreporter.com\/wp-content\/uploads\/2025\/02\/bannerquisom.jpg\"><img loading=\"lazy\" decoding=\"async\" width=\"1024\" height=\"185\" src=\"https:\/\/aphotoreporter.com\/wp-content\/uploads\/2025\/02\/bannerquisom-1024x185.jpg\" alt=\"\" class=\"wp-image-1297\" srcset=\"https:\/\/aphotoreporter.com\/wp-content\/uploads\/2025\/02\/bannerquisom-1024x185.jpg 1024w, https:\/\/aphotoreporter.com\/wp-content\/uploads\/2025\/02\/bannerquisom-300x54.jpg 300w, https:\/\/aphotoreporter.com\/wp-content\/uploads\/2025\/02\/bannerquisom-768x139.jpg 768w, https:\/\/aphotoreporter.com\/wp-content\/uploads\/2025\/02\/bannerquisom-1536x278.jpg 1536w, https:\/\/aphotoreporter.com\/wp-content\/uploads\/2025\/02\/bannerquisom-2048x371.jpg 2048w, https:\/\/aphotoreporter.com\/wp-content\/uploads\/2025\/02\/bannerquisom-750x136.jpg 750w, https:\/\/aphotoreporter.com\/wp-content\/uploads\/2025\/02\/bannerquisom-400x72.jpg 400w, https:\/\/aphotoreporter.com\/wp-content\/uploads\/2025\/02\/bannerquisom-430x78.jpg 430w, https:\/\/aphotoreporter.com\/wp-content\/uploads\/2025\/02\/bannerquisom-150x27.jpg 150w, https:\/\/aphotoreporter.com\/wp-content\/uploads\/2025\/02\/bannerquisom-100x18.jpg 100w\" sizes=\"(max-width: 1024px) 100vw, 1024px\" \/><\/a><\/figure><\/div>\n\n\n<hr class=\"wp-block-separator has-alpha-channel-opacity\"\/>\n\n\n<p><strong>En 2013 iniciamos el proyecto Aphotoreporter, una bienal en formato digital dedicada exclusivamente a la fotograf\u00eda de reportaje. <a href=\"http:\/\/www.afocer.cat\/\" target=\"_blank\" rel=\"noopener\">AFOCER<\/a> se ha distinguido siempre por ser pionera, o al menos as\u00ed lo sentimos, en crear o aportar novedades para avanzar en el mundo de la fotograf\u00eda. As\u00ed lo hicimos en el pasado con las bienales Aq\u00fceducte, y lo seguimos llevando a cabo con las bienales Aphotoreporter.<\/strong><br \/><strong>Con una tem\u00e1tica no habitual en los concursos, tanto nacionales como internacionales, hemos avanzado paso a paso en la consolidaci\u00f3n de esta bienal.<\/strong><br \/><strong>Desde la primera edici\u00f3n, hasta la \u00faltima, hemos recibido im\u00e1genes de reportaje en todos sus \u00e1mbitos: desde conflictos b\u00e9licos, conflictos sociales o historias humanas hasta eventos deportivos y culturales. Esta diversidad de im\u00e1genes recibidas de diferentes pa\u00edses del mundo nos ha mostrado situaciones que, de otra forma, no se hubieran podido visualizar.<\/strong><br \/><strong>Nuestra intenci\u00f3n es seguir con este proyecto, y mantener esta ventana abierta para que los fot\u00f3grafos y fot\u00f3grafas de todo el mundo puedan aportar sus trabajos y, con nuestro peque\u00f1o grano de arena, hacerlos visibles al p\u00fablico.<\/strong><\/p>\n<p>L\u2019any 2013 iniciem el projecte&nbsp;Aphotoreporter, una biennal en format digital dedicada exclusivament a la fotografia de reportatge.&nbsp;<strong><a href=\"http:\/\/www.afocer.cat\/\" target=\"_blank\" rel=\"noopener\">AFOCER<\/a><\/strong> s&#8217;ha distingit sempre per ser pionera, o almenys aix\u00ed ho sentim, a crear o aportar novetats per a avan\u00e7ar en el m\u00f3n de la fotografia. Aix\u00ed ho vam fer en el passat, amb les biennals&nbsp;Aq\u00fceducte, i ho continuem duent a terme amb les biennals&nbsp;Aphotoreporter.<br \/>Amb una tem\u00e0tica gens habitual en els concursos, tant nacionals com internacionals, hem avan\u00e7at pas a pas en la consolidaci\u00f3 d&#8217;aquesta biennal.<br \/>Des de la primera edici\u00f3, fins a la darrera, hem rebut imatges de reportatge en tots el seus \u00e0mbits: des de conflictes b\u00e8l\u00b7lics, conflictes socials o hist\u00f2ries humanes fins a esdeveniments esportius i culturals. Aquesta diversitat d&#8217;imatges rebudes de diferents pa\u00efsos del m\u00f3n ens ha mostrat situacions que, d&#8217;una altra forma, no s&#8217;haguessin pogut visualitzar.<br \/>La nostra intenci\u00f3 \u00e9s seguir amb aquest projecte i mantenir aquesta finestra oberta, perqu\u00e8 els fot\u00f2grafs i fot\u00f2grafes de tot el m\u00f3n puguin aportar els seus treballs i, amb el nostre petit gra de sorra, fer-los visibles al p\u00fablic.<\/p>\n<p data-sourcepos=\"3:1-3:397\"><em>In 2013, we launched the Aphotoreporter project, a biennial digital event dedicated exclusively to reportage photography. AFOCER has always been distinguished for being a pioneer, or at least we feel that way, in creating or contributing novelties to advance the world of photography. We did so in the past with the Aq\u00fceducte biennials, and we continue to do so with the Aphotoreporter biennials.<\/em><br \/><em>With a theme not common in contests, both national and international, we have advanced step by step in the consolidation of this biennial.<\/em><br \/><em>From the first edition to the last, we have received reportage images in all its areas: from war conflicts, social conflicts or human stories to sporting and cultural events. This diversity of images received from different countries around the world has shown us situations that, otherwise, could not have been visualized.<\/em><br \/><em>Our intention is to continue with this project, and keep this window open so that photographers from all over the world can contribute their work and, with our small grain of sand, make them visible to the public.<\/em><\/p>\n<p><strong>&nbsp;<\/strong><\/p>","protected":false},"excerpt":{"rendered":"<p>En 2013 iniciamos el proyecto Aphotoreporter, una bienal en formato digital dedicada exclusivamente a la fotograf\u00eda de reportaje. AFOCER se ha distinguido siempre por ser pionera, o al menos as\u00ed [&hellip;]<\/p>\n","protected":false},"author":1,"featured_media":0,"parent":0,"menu_order":2,"comment_status":"closed","ping_status":"closed","template":"page_fullwidth.php","meta":{"ngg_post_thumbnail":0,"footnotes":""},"_links":{"self":[{"href":"https:\/\/aphotoreporter.com\/index.php?rest_route=\/wp\/v2\/pages\/17"}],"collection":[{"href":"https:\/\/aphotoreporter.com\/index.php?rest_route=\/wp\/v2\/pages"}],"about":[{"href":"https:\/\/aphotoreporter.com\/index.php?rest_route=\/wp\/v2\/types\/page"}],"author":[{"embeddable":true,"href":"https:\/\/aphotoreporter.com\/index.php?rest_route=\/wp\/v2\/users\/1"}],"replies":[{"embeddable":true,"href":"https:\/\/aphotoreporter.com\/index.php?rest_route=%2Fwp%2Fv2%2Fcomments&post=17"}],"version-history":[{"count":56,"href":"https:\/\/aphotoreporter.com\/index.php?rest_route=\/wp\/v2\/pages\/17\/revisions"}],"predecessor-version":[{"id":1299,"href":"https:\/\/aphotoreporter.com\/index.php?rest_route=\/wp\/v2\/pages\/17\/revisions\/1299"}],"wp:attachment":[{"href":"https:\/\/aphotoreporter.com\/index.php?rest_route=%2Fwp%2Fv2%2Fmedia&parent=17"}],"curies":[{"name":"wp","href":"https:\/\/api.w.org\/{rel}","templated":true}]}}

<div class="wp-block-image">
<figure class="aligncenter size-large"><a href="https://aphotoreporter.com/wp-content/uploads/2025/02/bannerquisom.jpg"><img loading="lazy" decoding="async" width="1024" height="185" src="https://aphotoreporter.com/wp-content/uploads/2025/02/bannerquisom-1024x185.jpg" alt="" class="wp-image-1297" srcset="https://aphotoreporter.com/wp-content/uploads/2025/02/bannerquisom-1024x185.jpg 1024w, https://aphotoreporter.com/wp-content/uploads/2025/02/bannerquisom-300x54.jpg 300w, https://aphotoreporter.com/wp-content/uploads/2025/02/bannerquisom-768x139.jpg 768w, https://aphotoreporter.com/wp-content/uploads/2025/02/bannerquisom-1536x278.jpg 1536w, https://aphotoreporter.com/wp-content/uploads/2025/02/bannerquisom-2048x371.jpg 2048w, https://aphotoreporter.com/wp-content/uploads/2025/02/bannerquisom-750x136.jpg 750w, https://aphotoreporter.com/wp-content/uploads/2025/02/bannerquisom-400x72.jpg 400w, https://aphotoreporter.com/wp-content/uploads/2025/02/bannerquisom-430x78.jpg 430w, https://aphotoreporter.com/wp-content/uploads/2025/02/bannerquisom-150x27.jpg 150w, https://aphotoreporter.com/wp-content/uploads/2025/02/bannerquisom-100x18.jpg 100w" sizes="(max-width: 1024px) 100vw, 1024px" /></a></figure></div>


<hr class="wp-block-separator has-alpha-channel-opacity"/>


<p><strong>En 2013 iniciamos el proyecto Aphotoreporter, una bienal en formato digital dedicada exclusivamente a la fotografía de reportaje. <a href="http://www.afocer.cat/" target="_blank" rel="noopener">AFOCER</a> se ha distinguido siempre por ser pionera, o al menos así lo sentimos, en crear o aportar novedades para avanzar en el mundo de la fotografía. Así lo hicimos en el pasado con las bienales Aqüeducte, y lo seguimos llevando a cabo con las bienales Aphotoreporter.</strong><br /><strong>Con una temática no habitual en los concursos, tanto nacionales como internacionales, hemos avanzado paso a paso en la consolidación de esta bienal.</strong><br /><strong>Desde la primera edición, hasta la última, hemos recibido imágenes de reportaje en todos sus ámbitos: desde conflictos bélicos, conflictos sociales o historias humanas hasta eventos deportivos y culturales. Esta diversidad de imágenes recibidas de diferentes países del mundo nos ha mostrado situaciones que, de otra forma, no se hubieran podido visualizar.</strong><br /><strong>Nuestra intención es seguir con este proyecto, y mantener esta ventana abierta para que los fotógrafos y fotógrafas de todo el mundo puedan aportar sus trabajos y, con nuestro pequeño grano de arena, hacerlos visibles al público.</strong></p>
<p>L’any 2013 iniciem el projecte&nbsp;Aphotoreporter, una biennal en format digital dedicada exclusivament a la fotografia de reportatge.&nbsp;<strong><a href="http://www.afocer.cat/" target="_blank" rel="noopener">AFOCER</a></strong> s&#8217;ha distingit sempre per ser pionera, o almenys així ho sentim, a crear o aportar novetats per a avançar en el món de la fotografia. Així ho vam fer en el passat, amb les biennals&nbsp;Aqüeducte, i ho continuem duent a terme amb les biennals&nbsp;Aphotoreporter.<br />Amb una temàtica gens habitual en els concursos, tant nacionals com internacionals, hem avançat pas a pas en la consolidació d&#8217;aquesta biennal.<br />Des de la primera edició, fins a la darrera, hem rebut imatges de reportatge en tots el seus àmbits: des de conflictes bèl·lics, conflictes socials o històries humanes fins a esdeveniments esportius i culturals. Aquesta diversitat d&#8217;imatges rebudes de diferents països del món ens ha mostrat situacions que, d&#8217;una altra forma, no s&#8217;haguessin pogut visualitzar.<br />La nostra intenció és seguir amb aquest projecte i mantenir aquesta finestra oberta, perquè els fotògrafs i fotògrafes de tot el món puguin aportar els seus treballs i, amb el nostre petit gra de sorra, fer-los visibles al públic.</p>
<p data-sourcepos="3:1-3:397"><em>In 2013, we launched the Aphotoreporter project, a biennial digital event dedicated exclusively to reportage photography. AFOCER has always been distinguished for being a pioneer, or at least we feel that way, in creating or contributing novelties to advance the world of photography. We did so in the past with the Aqüeducte biennials, and we continue to do so with the Aphotoreporter biennials.</em><br /><em>With a theme not common in contests, both national and international, we have advanced step by step in the consolidation of this biennial.</em><br /><em>From the first edition to the last, we have received reportage images in all its areas: from war conflicts, social conflicts or human stories to sporting and cultural events. This diversity of images received from different countries around the world has shown us situations that, otherwise, could not have been visualized.</em><br /><em>Our intention is to continue with this project, and keep this window open so that photographers from all over the world can contribute their work and, with our small grain of sand, make them visible to the public.</em></p>
<p><strong>&nbsp;</strong></p>

<p>En 2013 iniciamos el proyecto Aphotoreporter, una bienal en formato digital dedicada exclusivamente a la fotografía de reportaje. AFOCER se ha distinguido siempre por ser pionera, o al menos así [&hellip;]</p>
